109066?
False
Is 48 a factor of 190221?
False
Is 20 a factor of 7778718?
False
Is 19 a factor of 74290?
True
Is 158616 a multiple of 9?
True
Is 1308744 a multiple of 83?
True
Is 52 a factor of 1287037?
False
Is 298 a factor of 24080784?
True
Is 601 a factor of 2990948?
False
Does 71 divide 4156482?
True
Is 2040780 a multiple of 215?
True
Does 21 divide 339612?
True
Does 15 divide 30060?
True
Is 141 a factor of 496986?
False
Is 359069 a multiple of 37?
False
Is 221053 a multiple of 11?
False
Does 13 divide 247027?
False
Does 40 divide 30582?
False
Is 934854 a multiple of 21?
False
Is 21 a factor of 339?
False
Is 11 a factor of 301664?
True
Is 512 a factor of 1034240?
True
Is 489 a factor of 1423610?
False
Does 15 divide 68580?
True
Does 17 divide 46274?
True
Is 134253 a multiple of 15?
False
Does 673 divide 404473?
True
Is 80 a factor of 1220400?
True
Is 3067886 a multiple of 227?
False
Is 2495015 a multiple of 787?
False
Is 24 a factor of 6175080?
True
Is 116 a factor of 1146312?
True
Is 6 a factor of 1704294?
True
Is 3208480 a multiple of 110?
True
Is 26 a factor of 3740798?
False
Is 59 a factor of 1010132?
False
Is 1351294 a multiple of 367?
True
Is 20 a factor of 8398720?
True
Does 4 divide 470964?
True
Is 113 a factor of 3895215?
False
Is 222 a factor of 215313?
False
Is 7258 a multiple of 19?
True
Is 1758750 a multiple of 220?
False
Does 80 divide 856160?
True
Is 215502 a multiple of 49?
True
Is 81 a factor of 596919?
False
Is 9186968 a multiple of 58?
True
Does 5 divide 1192045?
True
Does 4 divide 244144?
True
Is 145 a factor of 1092285?
True
Is 136360 a multiple of 14?
True
Is 7127568 a multiple of 42?
True
Does 63 divide 80379?
False
Is 2861482 a multiple of 157?
True
Does 390 divide 426577?
False
Is 314130 a multiple of 102?
False
Does 10 divide 734820?
True
Is 3947847 a multiple of 639?
False
Does 14 divide 10888453?
False
Does 4 divide 70851?
False
Is 197 a factor of 27134?
False
Is 72 a factor of 757512?
True
Does 6 divide 5586384?
True
Does 269 divide 2205262?
True
Is 11 a factor of 4672393?
True
Is 5 a factor of 18838?
False
Is 83269 a multiple of 64?
False
Does 248 divide 387128?
True
Does 122 divide 347722?
False
Is 44 a factor of 2916646?
False
Is 29 a factor of 89929?
True
Is 16 a factor of 960752?
True
Is 10090710 a multiple of 133?
True
Is 2440825 a multiple of 410?
False
Is 62840 a multiple of 20?
True
Does 72 divide 142899?
False
Is 672 a multiple of 56?
True
Is 296 a factor of 667184?
True
Is 93 a factor of 4305063?
True
Does 191 divide 5025974?
True
Does 17 divide 3020842?
False
Is 12 a factor of 1365024?
True
Does 49 divide 3044076?
True
Is 177 a factor of 3170808?
False
Does 17 divide 68714?
True
Is 381312 a multiple of 9?
True
Is 148580 a multiple of 46?
True
Is 10 a factor of 9040?
True
Does 5 divide 739219?
False
Is 439401 a multiple of 11?
False
Is 71202 a multiple of 6?
True
Does 150 divide 10002371?
False
Is 1924581 a multiple of 492?
False
Is 320336 a multiple of 8?
True
Does 127 divide 14811323?
False
Is 173067 a multiple of 59?
False
Is 85542 a multiple of 21?
False
Does 7 divide 97342?
True
Is 2689891 a multiple of 9?
False
Does 67 divide 50700?
False
Is 2020892 a multiple of 263?
True
Is 43705 a multiple of 19?
False
Is 14 a factor of 7149184?
True
Does 12 divide 360936?
True
Is 374 a factor of 960224?
False
Does 164 divide 1189656?
True
Is 276 a factor of 3763812?
True
Is 1050634 a multiple of 10?
False
Is 404003 a multiple of 61?
True
Does 13 divide 2556788?
True
Does 15 divide 19464938?
False
Is 118012 a multiple of 176?
False
Is 128 a factor of 404224?
True
Is 38 a factor of 1068370?
True
Does 182 divide 1523343?
False
Is 13 a factor of 684246?
False
Is 266108 a multiple of 142?
True
Does 1697 divide 325524?
False
Does 277 divide 50968?
True
Is 520 a factor of 2061800?
True
Is 552684 a multiple of 318?
True
Is 1385 a factor of 7346040?
True
Does 21 divide 788196?
False
Does 51 divide 4131?
True
Does 258 divide 506870?
False
Is 108812 a multiple of 9?
False
Is 524 a factor of 4199694?
False
Is 1615603 a multiple of 251?
False
Is 5154006 a multiple of 143?
True
Is 179586 a multiple of 170?
False
Is 248753 a multiple of 33?
False
Is 72 a factor of 237830?
False
Is 9 a factor of 13748669?
False
Is 24 a factor of 206662?
False
Is 1258 a factor of 3660908?
False
Is 292406 a multiple of 51?
False
Is 52 a factor of 89334?
False
Does 56 divide 282399?
False
Does 81 divide 254178?
True
Is 63 a factor of 158065?
False
Does 3 divide 59660?
False
Is 150 a factor of 1056000?
True
Is 50866 a multiple of 14?
False
Is 13 a factor of 423488?
True
Is 66 a factor of 284856?
True
Is 80225 a multiple of 5?
True
Does 544 divide 430842?
False
Is 811 a factor of 1366397?
False
Does 146 divide 388531?
False
Is 45263 a multiple of 3?
False
Does 27 divide 1678087?
False
Is 2475701 a multiple of 16?
False
Is 42 a factor of 253016?
False
Is 1560 a multiple of 3?
True
Is 41 a factor of 3515094?
True
Is 6525564 a multiple of 10?
False
Does 65 divide 1214135?
True
Does 113 divide 3839514?
True
Does 576 divide 713664?
True
Is 9067500 a multiple of 310?
True
Is 43 a factor of 1546527?
False
Does 12 divide 19569833?
False
Is 930864 a multiple of 16?
True
Is 5 a factor of 35371?
False
Is 370971 a multiple of 9?
True
Does 70 divide 23140?
False
Does 3 divide 226647?
True
Is 600562 a multiple of 88?
False
Is 23 a factor of 20948?
False
Is 18 a factor of 1079622?
True
Is 171488 a multiple of 46?
True
Is 164 a factor of 121524?
True
Is 6 a factor of 42385?
False
Does 225 divide 144402?
False
Is 38 a factor of 516595?
False
Is 162 a factor of 2775984?
False
Is 90455 a multiple of 200?
False
Is 1086152 a multiple of 184?
True
Is 550 a factor of 1324369?
False
Does 36 divide 954540?
True
Is 320500 a multiple of 250?
True
Does 176 divide 1524706?
False
Does 98 divide 222558?
True
Does 82 divide 7486518?
True
Is 10990201 a multiple of 259?
False
Is 87 a factor of 12768555?
True
Is 7918718 a multiple of 16?
False
Is 5479374 a multiple of 55?
False
Is 301275 a multiple of 13?
True
Does 25 divide 178595?
False
Is 197087 a multiple of 12?
False
Does 189 divide 332262?
True
Is 14 a factor of 1105832?
True
Is 84 a factor of 97570?
False
Is 19 a factor of 61902?
True
Is 11704 a multiple of 19?
True
Does 148 divide 943930?
False
Is 356 a factor of 1477400?
True
Is 196605 a multiple of 15?
True
Is 25 a factor of 212442?
False
Is 34 a factor of 246160?
True
Is 3591 a multiple of 70?
False
Is 1283333 a multiple of 525?
False
Is 705 a factor of 1904910?
True
Is 142296 a multiple of 6?
True
Is 50820 a multiple of 28?
True
Is 97676 a multiple of 5?
False
Is 52944 a multiple of 511?
False
Does 16 divide 10421328?
True
Is 281 a factor of 686483?
True
Is 1575580 a multiple of 12?
False
Is 134763 a multiple of 87?
True
Does 76 divide 1800726?
False
Is 23 a factor of 13364?
False
Is 13 a factor of 4222?
False
Is 1660090 a multiple of 205?
True
Is 197 a factor of 7425324?
True
Does 10 divide 167520?
True
Does 65 divide 88013?
False
Is 15616 a multiple of 16?
True
Does 29 divide 107271?
True
Is 18 a factor of 1092655?
False
Does 10 divide 465673?
False
Is 1126176 a multiple of 32?
True
Does 21 divide 479997?
True
Is 146 a factor of 1189754?
True
Is 1783 a multiple of 2?
False
Does 23 divide 1823020?
False
Does 1037 divide 785214?
False
Is 10 a factor of 538295?
False
Is 6555138 a multiple of 378?
False
Is 19 a factor of 4456893?
False
Does 12 divide 303936?
True
Does 19 divide 64065?
False
Does 12 divide 8321403?
False
Is 26244 a multiple of 18?
True
Is 243 a factor of 4928283?
True
Is 5 a factor of 21250?
True
Is 417898 a multiple of 264?
False
Is 737 a multiple of 67?
True
Is 238 a factor of 1290674?
True
Does 550 divide 106214?
False
Is 1133290 a multiple of 73?
False
Is 1019666 a multiple of 40?
False
Is 48 a factor of 354326?
False
Is 880644 a multiple of 491?
False
Does 18 divide 926856?
True
Is 523 a factor of 7359644?
False
Does 1096 divide 8950590?
False
Is 6380293 a multiple of 83?
True
Is 564246 a multiple of 6?
True
Is 210858 a multiple of 12?
False
Does 135 divide 369495?
True
Does 138 divide 68485?
False
Is 1102695 a multiple of 30?
False
Does 395 divide 887565?
True
Does 4 divide 41288?
True
Is 849920 a multiple of 34?
False
Does 20 divide 51860?
Tr